{"id":5297,"date":"2023-11-14T22:50:20","date_gmt":"2023-11-14T22:50:20","guid":{"rendered":"https:\/\/biotr.org\/?page_id=5297"},"modified":"2023-12-01T12:52:51","modified_gmt":"2023-12-01T12:52:51","slug":"girisimcilik","status":"publish","type":"page","link":"https:\/\/biotr.org\/index.php\/girisimcilik\/","title":{"rendered":"Giri\u015fimcilik"},"content":{"rendered":"\t\t<div data-elementor-type=\"wp-page\" data-elementor-id=\"5297\" class=\"elementor elementor-5297\">\n\t\t\t\t\t\t\t\t\t<section class=\"elementor-section elementor-top-section elementor-element elementor-element-af1af27 elementor-section-boxed elementor-section-height-default elementor-section-height-default\" data-id=\"af1af27\" data-element_type=\"section\">\n\t\t\t\t\t\t<div class=\"elementor-container elementor-column-gap-default\">\n\t\t\t\t\t<div class=\"elementor-column elementor-col-100 elementor-top-column elementor-element elementor-element-29eab5c\" data-id=\"29eab5c\" data-element_type=\"column\">\n\t\t\t<div class=\"elementor-widget-wrap elementor-element-populated\">\n\t\t\t\t\t\t\t\t<div class=\"elementor-element elementor-element-368e2e2 elementor-widget elementor-widget-heading\" data-id=\"368e2e2\" data-element_type=\"widget\" data-widget_type=\"heading.default\">\n\t\t\t\t<div class=\"elementor-widget-container\">\n\t\t\t<style>\/*! elementor - v3.17.0 - 08-11-2023 *\/\n.elementor-heading-title{padding:0;margin:0;line-height:1}.elementor-widget-heading .elementor-heading-title[class*=elementor-size-]>a{color:inherit;font-size:inherit;line-height:inherit}.elementor-widget-heading .elementor-heading-title.elementor-size-small{font-size:15px}.elementor-widget-heading .elementor-heading-title.elementor-size-medium{font-size:19px}.elementor-widget-heading .elementor-heading-title.elementor-size-large{font-size:29px}.elementor-widget-heading .elementor-heading-title.elementor-size-xl{font-size:39px}.elementor-widget-heading .elementor-heading-title.elementor-size-xxl{font-size:59px}<\/style><h2 class=\"elementor-heading-title elementor-size-default\"><br><br>Giri\u015fimcilik<br><br><br><\/h2>\t\t<\/div>\n\t\t\t\t<\/div>\n\t\t\t\t\t<\/div>\n\t\t<\/div>\n\t\t\t\t\t\t\t<\/div>\n\t\t<\/section>\n\t\t\t\t<section class=\"elementor-section elementor-top-section elementor-element elementor-element-e4787c8 elementor-section-boxed elementor-section-height-default elementor-section-height-default\" data-id=\"e4787c8\" data-element_type=\"section\">\n\t\t\t\t\t\t<div class=\"elementor-container elementor-column-gap-default\">\n\t\t\t\t\t<div class=\"elementor-column elementor-col-100 elementor-top-column elementor-element elementor-element-4998da4\" data-id=\"4998da4\" data-element_type=\"column\">\n\t\t\t<div class=\"elementor-widget-wrap elementor-element-populated\">\n\t\t\t\t\t\t\t\t<div class=\"elementor-element elementor-element-259ae8c elementor-widget elementor-widget-creote-blog-post-v1\" data-id=\"259ae8c\" data-element_type=\"widget\" data-widget_type=\"creote-blog-post-v1.default\">\n\t\t\t\t<div class=\"elementor-widget-container\">\n\t\t\t<section class=\"blog_post_section  elemen_wp   one_column news_wrapper_grid style_two \">\n   <div class=\"grid_show_case grid_layout clearfix\">\n      <!-- swiper-slide -->\n                              <div class=\"grid_box _card\">\n         <div class=\"news_box default_style   list_view   has_images\" id=\"post-8538\">\n                        <div class=\"image img_hover-1\">\n               <img width=\"497\" height=\"383\" src=\"https:\/\/biotr.org\/wp-content\/uploads\/2026\/01\/Screenshot-2026-01-26-173842.png\" class=\"attachment-post-thumbnail size-post-thumbnail wp-post-image\" alt=\"\" decoding=\"async\" loading=\"lazy\" srcset=\"https:\/\/biotr.org\/wp-content\/uploads\/2026\/01\/Screenshot-2026-01-26-173842.png 497w, https:\/\/biotr.org\/wp-content\/uploads\/2026\/01\/Screenshot-2026-01-26-173842-300x231.png 300w\" sizes=\"(max-width: 497px) 100vw, 497px\" \/>               <a href=\"https:\/\/biotr.org\/index.php\/category\/biyomimikri\/\" class=\"categories\"><i class=\"icon-folder\"><\/i>Biyomimikri<\/a>            <\/div>\n                \n            <div class=\"content_box\">\n               <div class=\"date\">\n                  <span class=\"date_in_number\">26 Ocak 2026<\/span>\n               <\/div>\n               <div class=\"source\">\n                  <h2 class=\"title\"><a href=\"https:\/\/biotr.org\/index.php\/2026\/01\/26\/plastik-cagini-sona-erdirecek-malzeme-sadece-5-gunde-yetisen-mantar-ambalajlar\/\" rel=\"bookmark\">Plastik \u00c7a\u011f\u0131n\u0131 Sona Erdirecek Malzeme: Sadece 5 G\u00fcnde Yeti\u015fen Mantar Ambalajlar<\/a><\/h2>                                    <p class=\"short_desc\">Plastik \u00c7a\u011f\u0131n\u0131 Sona&hellip;<\/p>\n                                    <a href=\"https:\/\/biotr.org\/index.php\/2026\/01\/26\/plastik-cagini-sona-erdirecek-malzeme-sadece-5-gunde-yetisen-mantar-ambalajlar\/\" class=\"link__go\">Devam\u0131n\u0131 Oku<\/a>\n               <\/div>\n               <div class=\"auhtour_box\">\n                  <img alt='' src='https:\/\/secure.gravatar.com\/avatar\/0e6d9c81daad52a444aaac8da7d8f1bd?s=60&#038;d=mm&#038;r=g' srcset='https:\/\/secure.gravatar.com\/avatar\/0e6d9c81daad52a444aaac8da7d8f1bd?s=120&#038;d=mm&#038;r=g 2x' class='avatar avatar-60 photo' height='60' width='60' loading='lazy' decoding='async'\/>                  <div class=\"contnet_a\">\n                     <p>POSTED BY<\/p>\n                     <h4>\n                        B\u00fc\u015fra Alt\u0131nsoy                     <\/h4>\n                  <\/div>\n               <\/div>\n            <\/div>\n         <\/div>\n      <\/div>\n                              <div class=\"grid_box _card\">\n         <div class=\"news_box default_style   list_view   has_images\" id=\"post-8345\">\n                        <div class=\"image img_hover-1\">\n               <img width=\"1500\" height=\"1500\" src=\"https:\/\/biotr.org\/wp-content\/uploads\/2025\/10\/2150998720.jpg\" class=\"attachment-post-thumbnail size-post-thumbnail wp-post-image\" alt=\"\" decoding=\"async\" loading=\"lazy\" srcset=\"https:\/\/biotr.org\/wp-content\/uploads\/2025\/10\/2150998720.jpg 1500w, https:\/\/biotr.org\/wp-content\/uploads\/2025\/10\/2150998720-300x300.jpg 300w, https:\/\/biotr.org\/wp-content\/uploads\/2025\/10\/2150998720-1024x1024.jpg 1024w, https:\/\/biotr.org\/wp-content\/uploads\/2025\/10\/2150998720-150x150.jpg 150w, https:\/\/biotr.org\/wp-content\/uploads\/2025\/10\/2150998720-768x768.jpg 768w\" sizes=\"(max-width: 1500px) 100vw, 1500px\" \/>               <a href=\"https:\/\/biotr.org\/index.php\/category\/gelecek-okuryazarligi\/\" class=\"categories\"><i class=\"icon-folder\"><\/i>Gelecek Okuryazarl\u0131\u011f\u0131<\/a>            <\/div>\n                \n            <div class=\"content_box\">\n               <div class=\"date\">\n                  <span class=\"date_in_number\">3 Kas\u0131m 2025<\/span>\n               <\/div>\n               <div class=\"source\">\n                  <h2 class=\"title\"><a href=\"https:\/\/biotr.org\/index.php\/2025\/11\/03\/gelecegi-gormek-degil-kurmak-tasarim-odakli-futurizm\/\" rel=\"bookmark\">Gelece\u011fi G\u00f6rmek De\u011fil, Kurmak: Tasar\u0131m Odakl\u0131 F\u00fct\u00fcrizm<\/a><\/h2>                                    <p class=\"short_desc\">Gelece\u011fi G\u00f6rmek De\u011fil,&hellip;<\/p>\n                                    <a href=\"https:\/\/biotr.org\/index.php\/2025\/11\/03\/gelecegi-gormek-degil-kurmak-tasarim-odakli-futurizm\/\" class=\"link__go\">Devam\u0131n\u0131 Oku<\/a>\n               <\/div>\n               <div class=\"auhtour_box\">\n                  <img alt='' src='https:\/\/secure.gravatar.com\/avatar\/0e6d9c81daad52a444aaac8da7d8f1bd?s=60&#038;d=mm&#038;r=g' srcset='https:\/\/secure.gravatar.com\/avatar\/0e6d9c81daad52a444aaac8da7d8f1bd?s=120&#038;d=mm&#038;r=g 2x' class='avatar avatar-60 photo' height='60' width='60' loading='lazy' decoding='async'\/>                  <div class=\"contnet_a\">\n                     <p>POSTED BY<\/p>\n                     <h4>\n                        B\u00fc\u015fra Alt\u0131nsoy                     <\/h4>\n                  <\/div>\n               <\/div>\n            <\/div>\n         <\/div>\n      <\/div>\n                              <div class=\"grid_box _card\">\n         <div class=\"news_box default_style   list_view   has_images\" id=\"post-8206\">\n                        <div class=\"image img_hover-1\">\n               <img width=\"2000\" height=\"2000\" src=\"https:\/\/biotr.org\/wp-content\/uploads\/2025\/09\/13404466_5213418.jpg\" class=\"attachment-post-thumbnail size-post-thumbnail wp-post-image\" alt=\"\" decoding=\"async\" loading=\"lazy\" srcset=\"https:\/\/biotr.org\/wp-content\/uploads\/2025\/09\/13404466_5213418.jpg 2000w, https:\/\/biotr.org\/wp-content\/uploads\/2025\/09\/13404466_5213418-300x300.jpg 300w, https:\/\/biotr.org\/wp-content\/uploads\/2025\/09\/13404466_5213418-1024x1024.jpg 1024w, https:\/\/biotr.org\/wp-content\/uploads\/2025\/09\/13404466_5213418-150x150.jpg 150w, https:\/\/biotr.org\/wp-content\/uploads\/2025\/09\/13404466_5213418-768x768.jpg 768w, https:\/\/biotr.org\/wp-content\/uploads\/2025\/09\/13404466_5213418-1536x1536.jpg 1536w\" sizes=\"(max-width: 2000px) 100vw, 2000px\" \/>               <a href=\"https:\/\/biotr.org\/index.php\/category\/biyomimikri\/\" class=\"categories\"><i class=\"icon-folder\"><\/i>Biyomimikri<\/a>            <\/div>\n                \n            <div class=\"content_box\">\n               <div class=\"date\">\n                  <span class=\"date_in_number\">22 Eyl\u00fcl 2025<\/span>\n               <\/div>\n               <div class=\"source\">\n                  <h2 class=\"title\"><a href=\"https:\/\/biotr.org\/index.php\/2025\/09\/22\/dogaya-saygili-girisimcilik-surdurulebilir-is-modelleri-nasil-kurulur\/\" rel=\"bookmark\">Do\u011faya Sayg\u0131l\u0131 Giri\u015fimcilik: S\u00fcrd\u00fcr\u00fclebilir \u0130\u015f Modelleri Nas\u0131l Kurulur?<\/a><\/h2>                                    <p class=\"short_desc\">Do\u011faya Sayg\u0131l\u0131 Giri\u015fimcilik:&hellip;<\/p>\n                                    <a href=\"https:\/\/biotr.org\/index.php\/2025\/09\/22\/dogaya-saygili-girisimcilik-surdurulebilir-is-modelleri-nasil-kurulur\/\" class=\"link__go\">Devam\u0131n\u0131 Oku<\/a>\n               <\/div>\n               <div class=\"auhtour_box\">\n                  <img alt='' src='https:\/\/secure.gravatar.com\/avatar\/0e6d9c81daad52a444aaac8da7d8f1bd?s=60&#038;d=mm&#038;r=g' srcset='https:\/\/secure.gravatar.com\/avatar\/0e6d9c81daad52a444aaac8da7d8f1bd?s=120&#038;d=mm&#038;r=g 2x' class='avatar avatar-60 photo' height='60' width='60' loading='lazy' decoding='async'\/>                  <div class=\"contnet_a\">\n                     <p>POSTED BY<\/p>\n                     <h4>\n                        B\u00fc\u015fra Alt\u0131nsoy                     <\/h4>\n                  <\/div>\n               <\/div>\n            <\/div>\n         <\/div>\n      <\/div>\n                     <\/div>\n      <div class=\"row\">\n      <div class=\"col-lg-12\">\n         <div class=\"pagination\">\n            <ul class='page-numbers'>\n\t<li><span aria-current=\"page\" class=\"page-numbers current\">1<\/span><\/li>\n\t<li><a class=\"page-numbers\" href=\"https:\/\/biotr.org\/index.php\/wp-json\/wp\/v2\/pages\/5297\/page\/2\/\">2<\/a><\/li>\n\t<li><a class=\"page-numbers\" href=\"https:\/\/biotr.org\/index.php\/wp-json\/wp\/v2\/pages\/5297\/page\/3\/\">3<\/a><\/li>\n\t<li><span class=\"page-numbers dots\">&hellip;<\/span><\/li>\n\t<li><a class=\"page-numbers\" href=\"https:\/\/biotr.org\/index.php\/wp-json\/wp\/v2\/pages\/5297\/page\/6\/\">6<\/a><\/li>\n\t<li><a class=\"next page-numbers\" href=\"https:\/\/biotr.org\/index.php\/wp-json\/wp\/v2\/pages\/5297\/page\/2\/\"><i class=\"fa fa-angle-right\"><\/i><\/a><\/li>\n<\/ul>\n          \n         <\/div>\n      <\/div>\n   <\/div>\n     \n<\/section>\n\t\t<\/div>\n\t\t\t\t<\/div>\n\t\t\t\t\t<\/div>\n\t\t<\/div>\n\t\t\t\t\t\t\t<\/div>\n\t\t<\/section>\n\t\t\t\t\t\t\t<\/div>\n\t\t","protected":false},"excerpt":{"rendered":"<p>Giri\u015fimcilik Genel Kategori 30 Kas\u0131m 2023 Varl\u0131\u011f\u0131yla De\u011fer \u00dcretme Becerisi Uyumlu \u0130nsanlar Varl\u0131\u011f\u0131yla De\u011fer \u00dcretme&hellip; Devam\u0131n\u0131 Oku POSTED BY S\u00fcleyman Bayramo\u011flu Gelecek Okuryazarl\u0131\u011f\u0131 20 Haziran 2023 Merkeziyetsiz Otonom Organizasyonlar ve Dijital G\u00f6\u00e7ebelik Merkeziyetsiz Otonom Organizasyonlar&hellip; Devam\u0131n\u0131 Oku POSTED BY S\u00fcleyman Bayramo\u011flu<\/p>\n","protected":false},"author":1,"featured_media":0,"parent":0,"menu_order":0,"comment_status":"closed","ping_status":"closed","template":"elementor_header_footer","meta":[],"_links":{"self":[{"href":"https:\/\/biotr.org\/index.php\/wp-json\/wp\/v2\/pages\/5297"}],"collection":[{"href":"https:\/\/biotr.org\/index.php\/wp-json\/wp\/v2\/pages"}],"about":[{"href":"https:\/\/biotr.org\/index.php\/wp-json\/wp\/v2\/types\/page"}],"author":[{"embeddable":true,"href":"https:\/\/biotr.org\/index.php\/wp-json\/wp\/v2\/users\/1"}],"replies":[{"embeddable":true,"href":"https:\/\/biotr.org\/index.php\/wp-json\/wp\/v2\/comments?post=5297"}],"version-history":[{"count":7,"href":"https:\/\/biotr.org\/index.php\/wp-json\/wp\/v2\/pages\/5297\/revisions"}],"predecessor-version":[{"id":6366,"href":"https:\/\/biotr.org\/index.php\/wp-json\/wp\/v2\/pages\/5297\/revisions\/6366"}],"wp:attachment":[{"href":"https:\/\/biotr.org\/index.php\/wp-json\/wp\/v2\/media?parent=5297"}],"curies":[{"name":"wp","href":"https:\/\/api.w.org\/{rel}","templated":true}]}}