{"id":5295,"date":"2023-11-14T22:50:01","date_gmt":"2023-11-14T22:50:01","guid":{"rendered":"https:\/\/biotr.org\/?page_id=5295"},"modified":"2023-12-01T10:33:16","modified_gmt":"2023-12-01T10:33:16","slug":"genel-kategori","status":"publish","type":"page","link":"https:\/\/biotr.org\/index.php\/genel-kategori\/","title":{"rendered":"Genel Kategori"},"content":{"rendered":"\t\t<div data-elementor-type=\"wp-page\" data-elementor-id=\"5295\" class=\"elementor elementor-5295\">\n\t\t\t\t\t\t\t\t\t<section class=\"elementor-section elementor-top-section elementor-element elementor-element-e0d1796 elementor-section-boxed elementor-section-height-default elementor-section-height-default\" data-id=\"e0d1796\" data-element_type=\"section\" data-settings=\"{&quot;background_background&quot;:&quot;classic&quot;}\">\n\t\t\t\t\t\t<div class=\"elementor-container elementor-column-gap-default\">\n\t\t\t\t\t<div class=\"elementor-column elementor-col-100 elementor-top-column elementor-element elementor-element-e88101e\" data-id=\"e88101e\" data-element_type=\"column\">\n\t\t\t<div class=\"elementor-widget-wrap elementor-element-populated\">\n\t\t\t\t\t\t\t\t<div class=\"elementor-element elementor-element-532156e elementor-widget elementor-widget-heading\" data-id=\"532156e\" data-element_type=\"widget\" data-widget_type=\"heading.default\">\n\t\t\t\t<div class=\"elementor-widget-container\">\n\t\t\t<style>\/*! elementor - v3.17.0 - 08-11-2023 *\/\n.elementor-heading-title{padding:0;margin:0;line-height:1}.elementor-widget-heading .elementor-heading-title[class*=elementor-size-]>a{color:inherit;font-size:inherit;line-height:inherit}.elementor-widget-heading .elementor-heading-title.elementor-size-small{font-size:15px}.elementor-widget-heading .elementor-heading-title.elementor-size-medium{font-size:19px}.elementor-widget-heading .elementor-heading-title.elementor-size-large{font-size:29px}.elementor-widget-heading .elementor-heading-title.elementor-size-xl{font-size:39px}.elementor-widget-heading .elementor-heading-title.elementor-size-xxl{font-size:59px}<\/style><h2 class=\"elementor-heading-title elementor-size-default\"><br>Genel Kategori<br><br><\/h2>\t\t<\/div>\n\t\t\t\t<\/div>\n\t\t\t\t\t<\/div>\n\t\t<\/div>\n\t\t\t\t\t\t\t<\/div>\n\t\t<\/section>\n\t\t\t\t<section class=\"elementor-section elementor-top-section elementor-element elementor-element-3a8f455 elementor-section-boxed elementor-section-height-default elementor-section-height-default\" data-id=\"3a8f455\" data-element_type=\"section\">\n\t\t\t\t\t\t<div class=\"elementor-container elementor-column-gap-default\">\n\t\t\t\t\t<div class=\"elementor-column elementor-col-100 elementor-top-column elementor-element elementor-element-08faac9\" data-id=\"08faac9\" data-element_type=\"column\">\n\t\t\t<div class=\"elementor-widget-wrap elementor-element-populated\">\n\t\t\t\t\t\t\t\t<div class=\"elementor-element elementor-element-80c9ea0 elementor-widget elementor-widget-spacer\" data-id=\"80c9ea0\" data-element_type=\"widget\" data-widget_type=\"spacer.default\">\n\t\t\t\t<div class=\"elementor-widget-container\">\n\t\t\t<style>\/*! elementor - v3.17.0 - 08-11-2023 *\/\n.elementor-column .elementor-spacer-inner{height:var(--spacer-size)}.e-con{--container-widget-width:100%}.e-con-inner>.elementor-widget-spacer,.e-con>.elementor-widget-spacer{width:var(--container-widget-width,var(--spacer-size));--align-self:var(--container-widget-align-self,initial);--flex-shrink:0}.e-con-inner>.elementor-widget-spacer>.elementor-widget-container,.e-con>.elementor-widget-spacer>.elementor-widget-container{height:100%;width:100%}.e-con-inner>.elementor-widget-spacer>.elementor-widget-container>.elementor-spacer,.e-con>.elementor-widget-spacer>.elementor-widget-container>.elementor-spacer{height:100%}.e-con-inner>.elementor-widget-spacer>.elementor-widget-container>.elementor-spacer>.elementor-spacer-inner,.e-con>.elementor-widget-spacer>.elementor-widget-container>.elementor-spacer>.elementor-spacer-inner{height:var(--container-widget-height,var(--spacer-size))}.e-con-inner>.elementor-widget-spacer.elementor-widget-empty,.e-con>.elementor-widget-spacer.elementor-widget-empty{position:relative;min-height:22px;min-width:22px}.e-con-inner>.elementor-widget-spacer.elementor-widget-empty .elementor-widget-empty-icon,.e-con>.elementor-widget-spacer.elementor-widget-empty .elementor-widget-empty-icon{position:absolute;top:0;bottom:0;left:0;right:0;margin:auto;padding:0;width:22px;height:22px}<\/style>\t\t<div class=\"elementor-spacer\">\n\t\t\t<div class=\"elementor-spacer-inner\"><\/div>\n\t\t<\/div>\n\t\t\t\t<\/div>\n\t\t\t\t<\/div>\n\t\t\t\t\t<\/div>\n\t\t<\/div>\n\t\t\t\t\t\t\t<\/div>\n\t\t<\/section>\n\t\t\t\t<section class=\"elementor-section elementor-top-section elementor-element elementor-element-7c808b5 elementor-section-boxed elementor-section-height-default elementor-section-height-default\" data-id=\"7c808b5\" data-element_type=\"section\">\n\t\t\t\t\t\t<div class=\"elementor-container elementor-column-gap-default\">\n\t\t\t\t\t<div class=\"elementor-column elementor-col-100 elementor-top-column elementor-element elementor-element-c82d035\" data-id=\"c82d035\" data-element_type=\"column\">\n\t\t\t<div class=\"elementor-widget-wrap elementor-element-populated\">\n\t\t\t\t\t\t\t\t<div class=\"elementor-element elementor-element-6a77722 elementor-widget elementor-widget-creote-blog-post-v1\" data-id=\"6a77722\" data-element_type=\"widget\" data-widget_type=\"creote-blog-post-v1.default\">\n\t\t\t\t<div class=\"elementor-widget-container\">\n\t\t\t<section class=\"blog_post_section  elemen_wp   one_column news_wrapper_grid style_two \">\n   <div class=\"grid_show_case grid_layout clearfix\">\n      <!-- swiper-slide -->\n                              <div class=\"grid_box _card\">\n         <div class=\"news_box default_style   list_view   has_images\" id=\"post-8327\">\n                        <div class=\"image img_hover-1\">\n               <img width=\"1704\" height=\"1137\" src=\"https:\/\/biotr.org\/wp-content\/uploads\/2025\/10\/mycellium-seoul-biennale-architecture_dezeen_2364_col_4-2-1704x1137-1.jpg\" class=\"attachment-post-thumbnail size-post-thumbnail wp-post-image\" alt=\"\" decoding=\"async\" loading=\"lazy\" srcset=\"https:\/\/biotr.org\/wp-content\/uploads\/2025\/10\/mycellium-seoul-biennale-architecture_dezeen_2364_col_4-2-1704x1137-1.jpg 1704w, https:\/\/biotr.org\/wp-content\/uploads\/2025\/10\/mycellium-seoul-biennale-architecture_dezeen_2364_col_4-2-1704x1137-1-300x200.jpg 300w, https:\/\/biotr.org\/wp-content\/uploads\/2025\/10\/mycellium-seoul-biennale-architecture_dezeen_2364_col_4-2-1704x1137-1-1024x683.jpg 1024w, https:\/\/biotr.org\/wp-content\/uploads\/2025\/10\/mycellium-seoul-biennale-architecture_dezeen_2364_col_4-2-1704x1137-1-768x512.jpg 768w, https:\/\/biotr.org\/wp-content\/uploads\/2025\/10\/mycellium-seoul-biennale-architecture_dezeen_2364_col_4-2-1704x1137-1-1536x1025.jpg 1536w\" sizes=\"(max-width: 1704px) 100vw, 1704px\" \/>               <a href=\"https:\/\/biotr.org\/index.php\/category\/biyomimikri\/\" class=\"categories\"><i class=\"icon-folder\"><\/i>Biyomimikri<\/a>            <\/div>\n                \n            <div class=\"content_box\">\n               <div class=\"date\">\n                  <span class=\"date_in_number\">21 Ekim 2025<\/span>\n               <\/div>\n               <div class=\"source\">\n                  <h2 class=\"title\"><a href=\"https:\/\/biotr.org\/index.php\/2025\/10\/21\/yapi-bilimiyle-doganin-kesisimi-mycotree\/\" rel=\"bookmark\">Yap\u0131 Bilimiyle Do\u011fan\u0131n Kesi\u015fimi: MycoTree<\/a><\/h2>                                    <p class=\"short_desc\">Yap\u0131 Bilimiyle Do\u011fan\u0131n Kesi\u015fimi: MycoTree G\u00fcn\u00fcm\u00fcz mimarl\u0131\u011f\u0131, \u00e7evresel&hellip;<\/p>\n                                    <a href=\"https:\/\/biotr.org\/index.php\/2025\/10\/21\/yapi-bilimiyle-doganin-kesisimi-mycotree\/\" class=\"link__go\">Devam\u0131n\u0131 Oku<\/a>\n               <\/div>\n               <div class=\"auhtour_box\">\n                  <img alt='' src='https:\/\/secure.gravatar.com\/avatar\/0e6d9c81daad52a444aaac8da7d8f1bd?s=60&#038;d=mm&#038;r=g' srcset='https:\/\/secure.gravatar.com\/avatar\/0e6d9c81daad52a444aaac8da7d8f1bd?s=120&#038;d=mm&#038;r=g 2x' class='avatar avatar-60 photo' height='60' width='60' loading='lazy' decoding='async'\/>                  <div class=\"contnet_a\">\n                     <p>POSTED BY<\/p>\n                     <h4>\n                        B\u00fc\u015fra Alt\u0131nsoy                     <\/h4>\n                  <\/div>\n               <\/div>\n            <\/div>\n         <\/div>\n      <\/div>\n                              <div class=\"grid_box _card\">\n         <div class=\"news_box default_style   list_view   has_images\" id=\"post-8294\">\n                        <div class=\"image img_hover-1\">\n               <img width=\"2500\" height=\"1939\" src=\"https:\/\/biotr.org\/wp-content\/uploads\/2025\/10\/0d13e428-3606-4622-b425-4891bd897143.jpg\" class=\"attachment-post-thumbnail size-post-thumbnail wp-post-image\" alt=\"\" decoding=\"async\" loading=\"lazy\" srcset=\"https:\/\/biotr.org\/wp-content\/uploads\/2025\/10\/0d13e428-3606-4622-b425-4891bd897143.jpg 2500w, https:\/\/biotr.org\/wp-content\/uploads\/2025\/10\/0d13e428-3606-4622-b425-4891bd897143-300x233.jpg 300w, https:\/\/biotr.org\/wp-content\/uploads\/2025\/10\/0d13e428-3606-4622-b425-4891bd897143-1024x794.jpg 1024w, https:\/\/biotr.org\/wp-content\/uploads\/2025\/10\/0d13e428-3606-4622-b425-4891bd897143-768x596.jpg 768w, https:\/\/biotr.org\/wp-content\/uploads\/2025\/10\/0d13e428-3606-4622-b425-4891bd897143-1536x1191.jpg 1536w, https:\/\/biotr.org\/wp-content\/uploads\/2025\/10\/0d13e428-3606-4622-b425-4891bd897143-2048x1588.jpg 2048w\" sizes=\"(max-width: 2500px) 100vw, 2500px\" \/>               <a href=\"https:\/\/biotr.org\/index.php\/category\/biyomimikri\/\" class=\"categories\"><i class=\"icon-folder\"><\/i>Biyomimikri<\/a>            <\/div>\n                \n            <div class=\"content_box\">\n               <div class=\"date\">\n                  <span class=\"date_in_number\">15 Ekim 2025<\/span>\n               <\/div>\n               <div class=\"source\">\n                  <h2 class=\"title\"><a href=\"https:\/\/biotr.org\/index.php\/2025\/10\/15\/miselyumdan-yukselen-bir-yapi-hy-fi\/\" rel=\"bookmark\">Miselyumdan Y\u00fckselen Bir Yap\u0131: Hy-Fi<\/a><\/h2>                                    <p class=\"short_desc\">Miselyumdan Y\u00fckselen Bir Yap\u0131: Hy-Fi Do\u011fa, m\u00fckemmel bir&hellip;<\/p>\n                                    <a href=\"https:\/\/biotr.org\/index.php\/2025\/10\/15\/miselyumdan-yukselen-bir-yapi-hy-fi\/\" class=\"link__go\">Devam\u0131n\u0131 Oku<\/a>\n               <\/div>\n               <div class=\"auhtour_box\">\n                  <img alt='' src='https:\/\/secure.gravatar.com\/avatar\/0e6d9c81daad52a444aaac8da7d8f1bd?s=60&#038;d=mm&#038;r=g' srcset='https:\/\/secure.gravatar.com\/avatar\/0e6d9c81daad52a444aaac8da7d8f1bd?s=120&#038;d=mm&#038;r=g 2x' class='avatar avatar-60 photo' height='60' width='60' loading='lazy' decoding='async'\/>                  <div class=\"contnet_a\">\n                     <p>POSTED BY<\/p>\n                     <h4>\n                        B\u00fc\u015fra Alt\u0131nsoy                     <\/h4>\n                  <\/div>\n               <\/div>\n            <\/div>\n         <\/div>\n      <\/div>\n                              <div class=\"grid_box _card\">\n         <div class=\"news_box default_style   list_view   has_images\" id=\"post-8256\">\n                        <div class=\"image img_hover-1\">\n               <img width=\"2364\" height=\"1330\" src=\"https:\/\/biotr.org\/wp-content\/uploads\/2025\/10\/Growing-Pavilion_dezeen_hero3.jpg\" class=\"attachment-post-thumbnail size-post-thumbnail wp-post-image\" alt=\"\" decoding=\"async\" loading=\"lazy\" srcset=\"https:\/\/biotr.org\/wp-content\/uploads\/2025\/10\/Growing-Pavilion_dezeen_hero3.jpg 2364w, https:\/\/biotr.org\/wp-content\/uploads\/2025\/10\/Growing-Pavilion_dezeen_hero3-300x169.jpg 300w, https:\/\/biotr.org\/wp-content\/uploads\/2025\/10\/Growing-Pavilion_dezeen_hero3-1024x576.jpg 1024w, https:\/\/biotr.org\/wp-content\/uploads\/2025\/10\/Growing-Pavilion_dezeen_hero3-768x432.jpg 768w, https:\/\/biotr.org\/wp-content\/uploads\/2025\/10\/Growing-Pavilion_dezeen_hero3-1536x864.jpg 1536w, https:\/\/biotr.org\/wp-content\/uploads\/2025\/10\/Growing-Pavilion_dezeen_hero3-2048x1152.jpg 2048w\" sizes=\"(max-width: 2364px) 100vw, 2364px\" \/>               <a href=\"https:\/\/biotr.org\/index.php\/category\/biyomimikri\/\" class=\"categories\"><i class=\"icon-folder\"><\/i>Biyomimikri<\/a>            <\/div>\n                \n            <div class=\"content_box\">\n               <div class=\"date\">\n                  <span class=\"date_in_number\">7 Ekim 2025<\/span>\n               <\/div>\n               <div class=\"source\">\n                  <h2 class=\"title\"><a href=\"https:\/\/biotr.org\/index.php\/2025\/10\/07\/the-growing-pavilion-biokompozit-paneller-ile-olusturulan-mimari\/\" rel=\"bookmark\">The Growing Pavilion: Biokompozit Paneller \u0130le Olu\u015fturulan Mimari<\/a><\/h2>                                    <p class=\"short_desc\">The Growing Pavilion: Biokompozit Paneller \u0130le Olu\u015fturulan Mimari&hellip;<\/p>\n                                    <a href=\"https:\/\/biotr.org\/index.php\/2025\/10\/07\/the-growing-pavilion-biokompozit-paneller-ile-olusturulan-mimari\/\" class=\"link__go\">Devam\u0131n\u0131 Oku<\/a>\n               <\/div>\n               <div class=\"auhtour_box\">\n                  <img alt='' src='https:\/\/secure.gravatar.com\/avatar\/0e6d9c81daad52a444aaac8da7d8f1bd?s=60&#038;d=mm&#038;r=g' srcset='https:\/\/secure.gravatar.com\/avatar\/0e6d9c81daad52a444aaac8da7d8f1bd?s=120&#038;d=mm&#038;r=g 2x' class='avatar avatar-60 photo' height='60' width='60' loading='lazy' decoding='async'\/>                  <div class=\"contnet_a\">\n                     <p>POSTED BY<\/p>\n                     <h4>\n                        B\u00fc\u015fra Alt\u0131nsoy                     <\/h4>\n                  <\/div>\n               <\/div>\n            <\/div>\n         <\/div>\n      <\/div>\n                              <div class=\"grid_box _card\">\n         <div class=\"news_box default_style   list_view   has_images\" id=\"post-7939\">\n                        <div class=\"image img_hover-1\">\n               <img width=\"1024\" height=\"1024\" src=\"https:\/\/biotr.org\/wp-content\/uploads\/2025\/07\/DALL\u00b7E-2025-01-21-14.03.04-A-serene-forest-scene-during-the-daytime-with-sunlight-filtering-through-tall-trees-and-a-narrow-dirt-path-winding-through-lush-greenery.-A-person-is.webp\" class=\"attachment-post-thumbnail size-post-thumbnail wp-post-image\" alt=\"\" decoding=\"async\" loading=\"lazy\" srcset=\"https:\/\/biotr.org\/wp-content\/uploads\/2025\/07\/DALL\u00b7E-2025-01-21-14.03.04-A-serene-forest-scene-during-the-daytime-with-sunlight-filtering-through-tall-trees-and-a-narrow-dirt-path-winding-through-lush-greenery.-A-person-is.webp 1024w, https:\/\/biotr.org\/wp-content\/uploads\/2025\/07\/DALL\u00b7E-2025-01-21-14.03.04-A-serene-forest-scene-during-the-daytime-with-sunlight-filtering-through-tall-trees-and-a-narrow-dirt-path-winding-through-lush-greenery.-A-person-is-300x300.webp 300w, https:\/\/biotr.org\/wp-content\/uploads\/2025\/07\/DALL\u00b7E-2025-01-21-14.03.04-A-serene-forest-scene-during-the-daytime-with-sunlight-filtering-through-tall-trees-and-a-narrow-dirt-path-winding-through-lush-greenery.-A-person-is-150x150.webp 150w, https:\/\/biotr.org\/wp-content\/uploads\/2025\/07\/DALL\u00b7E-2025-01-21-14.03.04-A-serene-forest-scene-during-the-daytime-with-sunlight-filtering-through-tall-trees-and-a-narrow-dirt-path-winding-through-lush-greenery.-A-person-is-768x768.webp 768w\" sizes=\"(max-width: 1024px) 100vw, 1024px\" \/>               <a href=\"https:\/\/biotr.org\/index.php\/category\/biyomimikri\/\" class=\"categories\"><i class=\"icon-folder\"><\/i>Biyomimikri<\/a>            <\/div>\n                \n            <div class=\"content_box\">\n               <div class=\"date\">\n                  <span class=\"date_in_number\">21 Temmuz 2025<\/span>\n               <\/div>\n               <div class=\"source\">\n                  <h2 class=\"title\"><a href=\"https:\/\/biotr.org\/index.php\/2025\/07\/21\/dogada-gecirilen-zaman-ruhunuzu-nasil-besler\/\" rel=\"bookmark\">Do\u011fada Ge\u00e7irilen Zaman, Ruhunuzu Nas\u0131l Besler?<\/a><\/h2>                                    <p class=\"short_desc\">Do\u011fada Ge\u00e7irilen Zaman, Ruhunuzu Nas\u0131l Besler? &nbsp; Modern&hellip;<\/p>\n                                    <a href=\"https:\/\/biotr.org\/index.php\/2025\/07\/21\/dogada-gecirilen-zaman-ruhunuzu-nasil-besler\/\" class=\"link__go\">Devam\u0131n\u0131 Oku<\/a>\n               <\/div>\n               <div class=\"auhtour_box\">\n                  <img alt='' src='https:\/\/secure.gravatar.com\/avatar\/0e6d9c81daad52a444aaac8da7d8f1bd?s=60&#038;d=mm&#038;r=g' srcset='https:\/\/secure.gravatar.com\/avatar\/0e6d9c81daad52a444aaac8da7d8f1bd?s=120&#038;d=mm&#038;r=g 2x' class='avatar avatar-60 photo' height='60' width='60' loading='lazy' decoding='async'\/>                  <div class=\"contnet_a\">\n                     <p>POSTED BY<\/p>\n                     <h4>\n                        B\u00fc\u015fra Alt\u0131nsoy                     <\/h4>\n                  <\/div>\n               <\/div>\n            <\/div>\n         <\/div>\n      <\/div>\n                              <div class=\"grid_box _card\">\n         <div class=\"news_box default_style   list_view   has_images\" id=\"post-7369\">\n                        <div class=\"image img_hover-1\">\n               <img width=\"2560\" height=\"1707\" src=\"https:\/\/biotr.org\/wp-content\/uploads\/2024\/07\/6849678_3440660-scaled.jpg\" class=\"attachment-post-thumbnail size-post-thumbnail wp-post-image\" alt=\"\" decoding=\"async\" loading=\"lazy\" srcset=\"https:\/\/biotr.org\/wp-content\/uploads\/2024\/07\/6849678_3440660-scaled.jpg 2560w, https:\/\/biotr.org\/wp-content\/uploads\/2024\/07\/6849678_3440660-300x200.jpg 300w, https:\/\/biotr.org\/wp-content\/uploads\/2024\/07\/6849678_3440660-1024x683.jpg 1024w, https:\/\/biotr.org\/wp-content\/uploads\/2024\/07\/6849678_3440660-768x512.jpg 768w, https:\/\/biotr.org\/wp-content\/uploads\/2024\/07\/6849678_3440660-1536x1024.jpg 1536w, https:\/\/biotr.org\/wp-content\/uploads\/2024\/07\/6849678_3440660-2048x1365.jpg 2048w\" sizes=\"(max-width: 2560px) 100vw, 2560px\" \/>               <a href=\"https:\/\/biotr.org\/index.php\/category\/biyomimikri\/\" class=\"categories\"><i class=\"icon-folder\"><\/i>Biyomimikri<\/a>            <\/div>\n                \n            <div class=\"content_box\">\n               <div class=\"date\">\n                  <span class=\"date_in_number\">16 Temmuz 2024<\/span>\n               <\/div>\n               <div class=\"source\">\n                  <h2 class=\"title\"><a href=\"https:\/\/biotr.org\/index.php\/2024\/07\/16\/doga-ve-teknolojinin-bulusma-noktasi-ekoteknoloji\/\" rel=\"bookmark\">Do\u011fa ve Teknolojinin Bulu\u015fma Noktas\u0131: Ekoteknoloji<\/a><\/h2>                                    <p class=\"short_desc\">Do\u011fa ve Teknolojinin Bulu\u015fma Noktas\u0131: Ekoteknoloji Ekoteknoloji Nedir?&hellip;<\/p>\n                                    <a href=\"https:\/\/biotr.org\/index.php\/2024\/07\/16\/doga-ve-teknolojinin-bulusma-noktasi-ekoteknoloji\/\" class=\"link__go\">Devam\u0131n\u0131 Oku<\/a>\n               <\/div>\n               <div class=\"auhtour_box\">\n                  <img alt='' src='https:\/\/secure.gravatar.com\/avatar\/0e6d9c81daad52a444aaac8da7d8f1bd?s=60&#038;d=mm&#038;r=g' srcset='https:\/\/secure.gravatar.com\/avatar\/0e6d9c81daad52a444aaac8da7d8f1bd?s=120&#038;d=mm&#038;r=g 2x' class='avatar avatar-60 photo' height='60' width='60' loading='lazy' decoding='async'\/>                  <div class=\"contnet_a\">\n                     <p>POSTED BY<\/p>\n                     <h4>\n                        B\u00fc\u015fra Alt\u0131nsoy                     <\/h4>\n                  <\/div>\n               <\/div>\n            <\/div>\n         <\/div>\n      <\/div>\n                              <div class=\"grid_box _card\">\n         <div class=\"news_box default_style   list_view   has_images\" id=\"post-7283\">\n                        <div class=\"image img_hover-1\">\n               <img width=\"842\" height=\"596\" src=\"https:\/\/biotr.org\/wp-content\/uploads\/2024\/06\/1_KARANLIK-MADDE.png\" class=\"attachment-post-thumbnail size-post-thumbnail wp-post-image\" alt=\"\" decoding=\"async\" loading=\"lazy\" srcset=\"https:\/\/biotr.org\/wp-content\/uploads\/2024\/06\/1_KARANLIK-MADDE.png 842w, https:\/\/biotr.org\/wp-content\/uploads\/2024\/06\/1_KARANLIK-MADDE-300x212.png 300w, https:\/\/biotr.org\/wp-content\/uploads\/2024\/06\/1_KARANLIK-MADDE-768x544.png 768w\" sizes=\"(max-width: 842px) 100vw, 842px\" \/>               <a href=\"https:\/\/biotr.org\/index.php\/category\/gelecek-okuryazarligi\/\" class=\"categories\"><i class=\"icon-folder\"><\/i>Gelecek Okuryazarl\u0131\u011f\u0131<\/a>            <\/div>\n                \n            <div class=\"content_box\">\n               <div class=\"date\">\n                  <span class=\"date_in_number\">24 Haziran 2024<\/span>\n               <\/div>\n               <div class=\"source\">\n                  <h2 class=\"title\"><a href=\"https:\/\/biotr.org\/index.php\/2024\/06\/24\/enerji-ve-maddenin-iliskisi-tam-toplam-alan-madde-teorisi-ile-yeni-bir-bakis\/\" rel=\"bookmark\">Enerji ve Maddenin \u0130li\u015fkisi: TAM (Toplam=Alan+Madde) Teorisi \u0130le Yeni Bir Bak\u0131\u015f<\/a><\/h2>                                    <p class=\"short_desc\">Enerji ve Maddenin \u0130li\u015fkisi: TAM(Toplam=Alan+Madde) Teorisi \u0130le Yeni&hellip;<\/p>\n                                    <a href=\"https:\/\/biotr.org\/index.php\/2024\/06\/24\/enerji-ve-maddenin-iliskisi-tam-toplam-alan-madde-teorisi-ile-yeni-bir-bakis\/\" class=\"link__go\">Devam\u0131n\u0131 Oku<\/a>\n               <\/div>\n               <div class=\"auhtour_box\">\n                  <img alt='' src='https:\/\/secure.gravatar.com\/avatar\/0e6d9c81daad52a444aaac8da7d8f1bd?s=60&#038;d=mm&#038;r=g' srcset='https:\/\/secure.gravatar.com\/avatar\/0e6d9c81daad52a444aaac8da7d8f1bd?s=120&#038;d=mm&#038;r=g 2x' class='avatar avatar-60 photo' height='60' width='60' loading='lazy' decoding='async'\/>                  <div class=\"contnet_a\">\n                     <p>POSTED BY<\/p>\n                     <h4>\n                        B\u00fc\u015fra Alt\u0131nsoy                     <\/h4>\n                  <\/div>\n               <\/div>\n            <\/div>\n         <\/div>\n      <\/div>\n                     <\/div>\n      <div class=\"row\">\n      <div class=\"col-lg-12\">\n         <div class=\"pagination\">\n            <ul class='page-numbers'>\n\t<li><span aria-current=\"page\" class=\"page-numbers current\">1<\/span><\/li>\n\t<li><a class=\"page-numbers\" href=\"https:\/\/biotr.org\/index.php\/wp-json\/wp\/v2\/pages\/5295\/page\/2\/\">2<\/a><\/li>\n\t<li><a class=\"page-numbers\" href=\"https:\/\/biotr.org\/index.php\/wp-json\/wp\/v2\/pages\/5295\/page\/3\/\">3<\/a><\/li>\n\t<li><a class=\"next page-numbers\" href=\"https:\/\/biotr.org\/index.php\/wp-json\/wp\/v2\/pages\/5295\/page\/2\/\"><i class=\"fa fa-angle-right\"><\/i><\/a><\/li>\n<\/ul>\n          \n         <\/div>\n      <\/div>\n   <\/div>\n     \n<\/section>\n\t\t<\/div>\n\t\t\t\t<\/div>\n\t\t\t\t\t<\/div>\n\t\t<\/div>\n\t\t\t\t\t\t\t<\/div>\n\t\t<\/section>\n\t\t\t\t\t\t\t<\/div>\n\t\t","protected":false},"excerpt":{"rendered":"<p>Genel Kategori Genel Kategori 30 Kas\u0131m 2023 Varl\u0131\u011f\u0131yla De\u011fer \u00dcretme Becerisi Uyumlu \u0130nsanlar Varl\u0131\u011f\u0131yla De\u011fer \u00dcretme Becerisi Uyumlu \u0130nsanlar Ekosistem ve&hellip; Devam\u0131n\u0131 Oku POSTED BY S\u00fcleyman Bayramo\u011flu<\/p>\n","protected":false},"author":1,"featured_media":0,"parent":0,"menu_order":0,"comment_status":"closed","ping_status":"closed","template":"elementor_header_footer","meta":[],"_links":{"self":[{"href":"https:\/\/biotr.org\/index.php\/wp-json\/wp\/v2\/pages\/5295"}],"collection":[{"href":"https:\/\/biotr.org\/index.php\/wp-json\/wp\/v2\/pages"}],"about":[{"href":"https:\/\/biotr.org\/index.php\/wp-json\/wp\/v2\/types\/page"}],"author":[{"embeddable":true,"href":"https:\/\/biotr.org\/index.php\/wp-json\/wp\/v2\/users\/1"}],"replies":[{"embeddable":true,"href":"https:\/\/biotr.org\/index.php\/wp-json\/wp\/v2\/comments?post=5295"}],"version-history":[{"count":13,"href":"https:\/\/biotr.org\/index.php\/wp-json\/wp\/v2\/pages\/5295\/revisions"}],"predecessor-version":[{"id":6327,"href":"https:\/\/biotr.org\/index.php\/wp-json\/wp\/v2\/pages\/5295\/revisions\/6327"}],"wp:attachment":[{"href":"https:\/\/biotr.org\/index.php\/wp-json\/wp\/v2\/media?parent=5295"}],"curies":[{"name":"wp","href":"https:\/\/api.w.org\/{rel}","templated":true}]}}